 What is the remainder when m(0) is divided by v?
2
Suppose 36 + 24 = 5*l. Let n(q) = -q**2 + 16*q - 16. What is the remainder when n(13) is divided by l?
11
What is the remainder when 75 is divided by 19 - (-4 + 7 + -3)?
18
Let s be 1 - 12/(16/4). Calculate the remainder when 41 is divided by 21 + (-4 - -6) + s.
20
Let u be 20/(-25)*10/(-4). Calculate the remainder when (0 - (0 - 0)) + 46 is divided by 12*2*u/3.
14
Let h be 29 + 0/(-2) + 0. Let t = h + -9. What is the remainder when t is divided by 7?
6
Suppose -111 = -4*l + 149. Calculate the remainder when l is divided by 23.
19
Suppose -4*x + 26 = -58. Calculate the remainder when 76/((-2)/(-1) + 0) is divided by x.
17
Calculate the remainder when 23 is divided by 6 - 5 - 7*-1.
7
Let v(t) = -16*t**3 - 2*t**2 + 1. Let j(l) = -l**3 - 5*l**2 - 5*l - 5. Let q be j(-4). Calculate the remainder when 42 is divided by v(q).
12
Suppose -5*g + 5*b + 57 = b, 42 = 3*g - 5*b. What is the remainder when 32 is divided by g?
5
Suppose v + 3*u = 50, -v + 50 = -0*v - 2*u. What is the remainder when 97 is divided by v?
47
Suppose 0*v = -4*v + 140. Let y = -11 + v. What is the remainder when 93 is divided by y?
21
Let d(i) = -i**2 - 13*i - 5. Calculate the remainder when d(-9) is divided by 11.
9
Let b = -8 - -18. Suppose 2*h = -3*h + b. Suppose h*d = -d + 174. Calculate the remainder when d is divided by 20.
18
Let b = 47 + -42. What is the remainder when b is divided by 5?
0
What is the remainder when 47 is divided by (-428)/(-18) + (24/54)/2?
23
Suppose 311 = 5*x + 4*i, -4*x - 4*i = -201 - 47. What is the remainder when x is divided by 16?
15
Suppose 0 = n - 4 + 2. What is the remainder when 0 + (1 - -12) + n is divided by 8?
7
Let y = 3 + -3. Suppose -t - 7 + 22 = y. Suppose 0 - 4 = 4*m + 5*x, 5*x = -2*m - 12. What is the remainder when t is divided by m?
3
Suppose 5*h - 60 = 3*l, 2*h + 3*l - 7*l = 38. Suppose 2*c + 4 = -2*m - 2*c, -2*c = 6. Suppose -m - 4 = -2*j. What is the remainder when h is divided by j?
1
Suppose 5*v + 8*l = 4*l + 468, -3*l = -4*v + 393. What is the remainder when v is divided by 33?
30
Suppose 0 = 4*h + h - 120. What is the remainder when 11 + 2/4*0 is divided by 102/h + (-2)/8?
3
Suppose 8*g - 330 = 3*g. What is the remainder when g is divided by 17?
15
Suppose 4*y + 12 = 3*b - 11, -y = -3*b + 35. Suppose 5*r - 67 = b. Suppose -3*d - 2*v = -84, -5*v = d + d - 45. What is the remainder when d is divided by r?
14
Suppose -3*t = 5*k - 4 - 73, -k + 33 = 5*t. Let y(u) = -4*u**2 + u. Let c be y(-3). Let j = -2 - c. What is the remainder when j is divided by k?
11
Let z(x) = x**3 + 6*x**2 + 4. Let t be z(-6). Suppose -19 - 5 = -t*c. Calculate the remainder when 23 is divided by c.
5
Suppose 4*c = -4*h + 16, 4 = -c - h + 2*h. Suppose -63 = -c*z + z. What is the remainder when (-3)/15 - z/15 is divided by 2?
0
Let q be -2 - 1/(2/(-54)). Suppose -q + 1 = -2*m. Calculate the remainder when 35 is divided by m.
11
Suppose 4*i - i = -j + 11, -72 = -4*j - 5*i. What is the remainder when j is divided by ((-6)/(-4))/((-24)/(-208))?
10
Suppose 168 = -162*f + 165*f. What is the remainder when f is divided by 20?
16
Let c(n) = -21*n. What is the remainder when 61 is divided by c(-1)?
19
Suppose -47*u = -43*u - 260. Calculate the remainder when u is divided by 22.
21
Suppose -2*o = 2*t - 46, 5*o + t - 71 = 52. Let m = 14 + -9. Suppose -4*y = -3*i - 59, -y = -3*y - m*i + 23. Calculate the remainder when o is divided by y.
11
Let z = 15 + -13. Suppose 0 = -z*j - 2 + 8. Let x = 20 - 12. Calculate the remainder when x is divided by j.
2
Suppose 2*f + 3*u - 218 = 0, -9*f - 4*u = -5*f - 432. Calculate the remainder when f is divided by 29.
19
Suppose 0 = -3*v - 2*v. Let d = 16 + -4. Calculate the remainder when (-4)/d*(-69 + v) is divided by 8.
7
Calculate the remainder when ((-494)/(-57))/((-15)/18 - -1) is divided by 15.
7
Let k be (2/4 + 0)*22. Suppose 0 = u - 2*c - 23, -2*c = 3*u - 40 + k. Let t = -2 - -51. What is the remainder when t is divided by u?
10
Suppose -2*n - 3*y = -n - 34, 0 = 5*y + 10. What is the remainder when n is divided by 12 + (-1)/2*2?
7
What is the remainder when (-284)/(-6)*(-4)/(24/(-9)) is divided by (-18)/(2/(-4)*2)?
17
Let y = 69 + -26. What is the remainder when y is divided by 11?
10
Let i(h) = -h + 31. Suppose 0*c - 3*c - 6 = -4*g, -4*c - 8 = -2*g. What is the remainder when i(g) is divided by 12 + 1/2*-2?
9
Let m(r) = -r + 19. Let x(u) = -u**3 + 4*u**2 + 6*u - 5. Calculate the remainder when x(4) is divided by m(14).
4
Suppose -3*h = -0 - 132. Suppose i + o = h, -4*i + 0*o = 3*o - 175. Suppose -3*x - 2*x + 75 = 0. What is the remainder when i is divided by x?
13
Let o be 3/(-18) - (-13)/6. Suppose 50 = o*b + 8. Calculate the remainder when b is divided by 11.
10
Suppose h = r + r + 6, 2*h + 4*r - 52 = 0. Calculate the remainder when 63 is divided by h.
15
Suppose 1 = -2*c + 11. Let g = 8 - c. Let p(q) = 2*q + 14. Calculate the remainder when p(-5) is divided by g.
1
Let s = 47 + -12. Suppose 0 = 5*h - s - 15. Suppose -l - 2*l = -4*j - 24, -3*l + 3*j = -21. What is the remainder when h is divided by l?
2
What is the remainder when 45 is divided by 10 - (7 - 3)*1?
3
Suppose 2*f - 80 = 2. Suppose -4*g + 6 = -2*g. Suppose 5*t - g*d - 58 = 0, -4*d + 7*d + 2 = t. Calculate the remainder when f is divided by t.
13
Suppose 28 = -5*z + z. Let h(y) = y**2 + 7*y + 12. Suppose 13 + 21 = c. Calculate the remainder when c is divided by h(z).
10
Suppose -2*f = 2*f - 88. Suppose -2*x + 2 = -10. Calculate the remainder when f is divided by x.
4
Let k(x) = x + 12. Suppose 5*s = 2*s - 21. Let r be k(s). Suppose 0 = 5*i - 0*h + h - 18, -r*i = 3*h - 24. What is the remainder when 4 is divided by i?
1
Suppose -2*b = -6*b + f + 115, -b - f = -25. Let l(o) = 3*o**2 + 2*o - 1. Calculate the remainder when b is divided by l(2).
13
Suppose 0*p - 3*p - l + 144 = 0, -240 = -5*p + l. What is the remainder when 93 is divided by p?
45
Suppose -4*g = -3*l - 64, -3*l - l - 48 = -3*g. What is the remainder when 45 is divided by g?
13
Let d be 21/(-6)*8/2. Let p = -10 - d. Suppose o + 60 = p*o. Calculate the remainder when o is divided by 7.
6
Suppose 0 = x - 0*x - 20. Let w(m) be the second derivative of -m**3/3 - 5*m**2/2 + 2*m. What is the remainder when x is divided by w(-8)?
9
Let r = 45 + -113. Let j = r - -117. Calculate the remainder when j is divided by 13.
10
Let u(p) = 4*p**2 + 6*p + 6. What is the remainder when u(-2) is divided by 2 + (0 - -1*2)?
2
Let a = 9 - -2. Let t(i) = -i**3 - 2*i**2 - i + 2. What is the remainder when a is divided by t(-2)?
3
Let b be 8/12 + 4/3. What is the remainder when (b - 1)/(1/23) is divided by 6?
5
Suppose 5*l = 4*o + 10, 0 = -l - 5*o - 0*o + 31. Calculate the remainder when 13 is divided by l.
1
Let p(l) = -4*l - 1. Suppose c + 3*w = 2*c - 58, -60 = -c + 5*w. What is the remainder when c is divided by p(-5)?
17
Let r = -16 - -47. Calculate the remainder when r is divided by 11.
9
Let g(t) = -t - 2. Let q(m) = -4*m + 3. Calculate the remainder when q(-5) is divided by g(-10).
7
Suppose -4*k = -9*k + 70. Calculate the remainder when 55 is divided by k.
13
Suppose -12 = -2*z + 3*z. What is the remainder when 12/(-1)*z/16 is divided by 6?
3
Suppose -4*w = 3*l - 171, -l = -w + 5*w - 169. Suppose 0 = -5*y - 3*u + 56, -6*y + u = -3*y - w. What is the remainder when y is divided by 7?
6
Suppose -5*j + 46 = 1. What is the remainder when 15 is divided by j?
6
Let n(t) = 2*t**2 + 4*t + 2. Let c be n(-2). Suppose 5 = c*m - 1. What is the remainder when 8/32 - 19/(-4) is divided by m?
2
Let y be 9 + -9 - (0 + 0). Suppose -5*f + f = -3*h + 230, y = 4*h + f - 275. What is the remainder when h is divided by 18?
16
Suppose 36 = 5*f - 2*y + 3*y, 0 = 5*f - 4*y - 31. What is the remainder when 27 is divided by f?
6
Suppose 2*u - u + p = 20, 85 = 4*u + 3*p. Suppose u = 3*j + 1. Calculate the remainder when 31 is divided by j.
7
Let g = 1 - -4. Suppose y - g*y = 5*l, y + 1 = -l. Calculate the remainder when l is divided by 2.
0
Let d be 2/5 + (-69)/(-15). Suppose 4*f = 15 + d. What is the remainder when 9 is divided by f?
4
Calculate the remainder when (-2)/(-13) - (-6750)/65 is divided by 15.
14
What is the remainder when ((-1)/2)/((-5)/300) is divided by 60/9*(-12)/(-5)?
14
Let 